)/(2/118)*123. Suppose -6214 = -15*t - j. Is t composite?
True
Suppose -3*r - 1070 = -8*r. Suppose c + 374 = 5*a, 2*c = -0*a - 3*a + r. Suppose a = z - 3*i - 363, -2*i - 890 = -2*z. Is z prime?
True
Let p(y) = 5*y**2 + 6*y - 1. Let m be p(4). Let s = m - 49. Suppose -4*g + s + 22 = 0. Is g a composite number?
False
Suppose 0 = -13*m + 24*m - 4873. Let j = 1074 - m. Is j a prime number?
True
Let c(f) be the first derivative of 6*f**3 + 4*f**2 + 4*f - 8. Let q be c(9). Suppose 0 = -4*z - 5*s + q, -5*z = -5*s + 4*s - 1903. Is z a composite number?
True
Suppose -14*l = 25*l - 1134237. Is l prime?
False
Let p = -4912 - -2822. Let o = 3907 + p. Is o a composite number?
True
Is 10/15 + 194673/9 a composite number?
True
Let a(x) = 4*x**2 + 21*x - 284. Is a(30) a prime number?
False
Let d(f) = -8021*f**3 + f**2 + f + 2. Is d(-1) prime?
False
Is ((-7)/(21/9) - 596)/(-1) prime?
True
Suppose -z + 4*h = -54051, -2*z = -3*h - 127095 + 19008. Is z a prime number?
False
Suppose 4*h = 4*z + h - 31322, 5*z - 39147 = h. Is z a prime number?
True
Let u = 3699 - 1442. Is u a composite number?
True
Suppose -8*f + 13005 = -36899. Is f a prime number?
False
Let i(f) = -f**3 + 21*f**2 - 28*f - 5. Let v be i(18). Suppose v = -24*u + 25*u. Is u composite?
False
Let v(t) = -30*t**2 + 7*t + 14. Let w be v(-7). Let b = -426 - w. Is b prime?
False
Let f be (-16)/56 - (-23)/7. Suppose 0 = 4*i - m - 8, -2*i = f*i + 2*m - 10. Suppose -43 = v - i*v. Is v a composite number?
False
Let d(a) = a**3 - 2*a**2 + 4*a - 3. Let c be d(2). Suppose 3*k + 2 = c*k. Suppose -5*w + 9 + k = 0. Is w a prime number?
True
Let b = 1079 + -417. Is b a prime number?
False
Let h(x) be the third derivative of x**7/840 + 7*x**6/360 - 11*x**5/120 - x**4/8 + x**3 - 9*x**2. Let q(p) be the first derivative of h(p). Is q(-8) composite?
True
Let o = 31 - 28. Let m be -3*(o - 65/15). Suppose 8*n = m*n + 748. Is n a composite number?
True
Let u(h) = h**2 - 8*h - 4. Let a be u(9). Suppose -4*m - 20 = f, f - a*f + 25 = -5*m. Suppose -x = 3*p - 85, -4*p + 7*p = f. Is x a composite number?
True
Let a be (0 + 15/(-6))*(-24)/20. Let v(t) = 52*t**2 + 2*t - 7. Is v(a) a prime number?
True
Is -19*(-126 - 5)*(-2)/(-2) composite?
True
Suppose -3*n + 0*n - 18 = 0. Let d be (-2 + 456)*(-3)/n. Let z = -150 + d. Is z a composite number?
True
Suppose -3*m - 2*x + 314 = 0, 555 = 5*m - 5*x + 2*x. Is (3/9)/(3*2/m) composite?
True
Suppose -3826 = -3*x - 2*t, 0*t = -3*t + 15. Let f = 2846 - x. Is f composite?
True
Suppose 7 + 1 = -2*v. Let x be ((-20)/(-25))/(v/(-10)). Suppose -642 = -4*b - x*j, -j + 3 + 2 = 0. Is b composite?
True
Let b(q) = 638*q + 322. Is b(8) composite?
True
Let c(w) = -4*w**3 - 4*w**2 - 8*w - 13. Let n(y) = -y**3 - 24*y**2 - 21*y + 42. Let k be n(-23). Is c(k) composite?
False
Suppose -2*j - 2*n - 24 = -3*j, 3*j - n - 82 = 0. Suppose 26*o - j*o + 164 = 0. Is o composite?
True
Let y(t) = -12*t**2 + 4*t + 3. Let i be y(13). Let j = i + 2764. Is j a prime number?
False
Let j = 14 - 9. Let u be (-1 + 2)/(4/28). Suppose -j*i + u*i - 70 = 0. Is i a composite number?
True
Suppose 2*t = 6, 2*t - 3 = x - 1. Suppose 5*w + j - 457 = 0, -j - 6 = -x*j. Is w a prime number?
False
Let b(o) = -o**3 + 24*o**2 + 62*o - 44. Is b(21) a composite number?
True
Let o(g) = 2*g**2 - g - 1. Let k be o(-1). Suppose -h = -3*x + k*h + 6948, 0 = 5*x - 3*h - 11578. Is x a prime number?
False
Is 33302/8 + 9/(-12) + 1 a composite number?
True
Let o be (-18)/(-42) + (-102)/(-7). Let b = -17 + o. Is (b - -1)*(-83 - -4) composite?
False
Suppose 61 = -2*y + 5*y - r, -y + 17 = -2*r. Let g = y - 17. Suppose g*c - 550 = -3*s + s, 272 = s + c. Is s a prime number?
True
Is (88150/(-70) - 4/(-14))/(-1) prime?
True
Let z be 4/10 - 458/(-5). Is 1/(94/z + -1) a composite number?
True
Suppose -3*a - n + 0*n = -11, -4*n - 1 = 3*a. Suppose 0*f - 745 = -a*f. Is f prime?
True
Let z be (-10)/3*9/(-6). Let q(g) = g + 2. Let k be q(z). Let w(j) = -j**3 + 8*j**2 + 5*j - 1. Is w(k) a prime number?
True
Let m(k) = 1 + 0 + 2*k**2 + 2 + 0 + 3*k - 111*k**3. Is m(-2) a prime number?
False
Suppose 0 = -g + 4*g - 15. Let a = g + -5. Suppose o + 5*n - 115 = a, -2*o + 0*n + 3*n + 178 = 0. Is o a composite number?
True
Let n be (36/14)/((-1188)/(-392) + -3). Suppose -m - n = -3*d + 79, -3*m = 12. Is d composite?
False
Let i = -2325 + 4555. Suppose -5*m - i = -7*m. Is m composite?
True
Let q = 76 + -88. Let y = q - -65. Is y composite?
False
Let a be 15/20*(-176)/(-12). Let y be (0 + 1)/(3/19416). Suppose 3*q - a*q + y = 0. Is q a prime number?
True
Suppose -d = 8 - 2. Let s be 3308/60 - d/(-45). Let y = -18 + s. Is y a prime number?
True
Let x(f) = -f**2 - 8*f + 4. Let m be x(-8). Let l be (m/(-5))/((-2)/5). Suppose -3*s + 31 = -l*s. Is s prime?
True
Suppose 27*v - 190727 = 54676. Is v a composite number?
True
Let a(w) = -210*w**3 + w + 1. Let u be a(-1). Suppose 0 = -p + 3*r + 238, -p + u + 30 = -5*r. Is p composite?
True
Suppose -2*r + 2*h + 15618 = -11104, 0 = -r + 5*h + 13361. Is r a prime number?
False
Let u(j) = -j**2 - 11*j - 3. Let k be u(-8). Suppose -2056 = -270*f + 266*f. Let y = f - k. Is y a prime number?
False
Suppose -2*p - 3034 = -2*o - o, -o = p - 1018. Suppose 5*t = 2*t - z + 600, -3*z = -5*t + o. Suppose -t = -s + 50. Is s prime?
True
Let h(r) = -2*r - 5. Suppose 0 = -2*l - 9 - 1. Let b be h(l). Suppose 189 - 2424 = -b*w. Is w prime?
False
Let j be -4 - (2/(-9) + 2144/(-72)). Suppose -4*k = -j - 3746. Is k prime?
False
Let t = -49965 + 93500. Is t prime?
False
Suppose 3*g = 2*g + 4023. Suppose -7*t + g = -5504. Is t composite?
False
Let p = 18398 - -8476. Is p/8 - (-9)/(-36) a prime number?
True
Let k = 8 + -6. Suppose -5*v + k*p + 0*p = -145, -v - 5*p = -56. Suppose -4 = 3*m - v. Is m prime?
False
Let s = 117177 - 57860. Is s composite?
True
Let n(k) = -1 + 21*k**2 + 21*k**2 + 3*k + 48*k**2. Let i(j) = j - 1. Let b be i(3). Is n(b) composite?
True
Let s be (-4 - 1)/((-3 - -5)/(-2)). Suppose s*f + 34 = 1569. Is f a composite number?
False
Let l(d) = 166*d - 212. Is l(21) a prime number?
False
Let w = -20240 + 63117. Is w prime?
False
Let o = -10 - -6. Let r(g) = -g**2 - 4*g - 2. Let b be r(o). Is 44/b*(-20)/8 composite?
True
Suppose 0 = -0*h + 4*h - 6252. Is h composite?
True
Suppose 26*z - 17*z = 4869. Is z composite?
False
Let o be 33/(-6)*(0 - 6 - -4). Suppose 0 = o*a - 22*a + 12254. Is a a composite number?
True
Let z(g) = 14*g**3 - 10*g**2 + 31*g - 14. Is z(9) composite?
False
Let h(a) = 25*a**3 - a**2 - 6*a + 1. Let v be (-1)/2 - 126/(-28). Is h(v) a prime number?
False
Let z = -4941 + 13442. Is z a prime number?
True
Suppose 20*r = 21*r - 1555. Let g = r + -494. Is g a composite number?
False
Let g(x) be the second derivative of 73*x**3/6 + 9*x**2 + 21*x. Is g(7) composite?
True
Let c(o) = 762*o**2 - 45*o + 217. Is c(10) a prime number?
True
Suppose s = -5, -3*s = 4*v - 12045 - 4096. Is v prime?
False
Suppose 0 = 4*k - 9*k, -5*k + 60 = 5*s. Suppose 2*t - s = -2*t. Suppose -c = t*c - 388. Is c a prime number?
True
Let m(u) = u**3 + 15*u**2 - 5. Let n(f) = -f**2 + 11*f + 6. Let b(d) = d**2 + d. Let x be b(-4). Let w be n(x). Is m(w) a composite number?
True
Let i be 12/2*(7 - -2 - 6). Let z(b) = 11*b - 7. Is z(i) a composite number?
False
Let n(h) = -4*h - 6. Let t be n(-2). Suppose 0 = -5*q + t*m + 63, m + 2 = -2. Is q a composite number?
False
Let c be 6/(-2) - (-3 - 0). Suppose k + c - 116 = 0. Let r = k + 87. Is r a composite number?
True
Suppose 0 = 4*w - 18 + 6. Suppose x - 4996 = -w*x. Is x a composite number?
False
Let c(h) = 6*h**2 + 34*h + 60. Let o(t) = t**2 + 7*t + 12. Let q(b) = 2*c(b) - 11*o(b). Let r be q(9). Is (-131)/(-4) + (-3)/r prime?
False
Is 4/(-28) + 29240/7 a composite number?
False
Let z(u) = -u**3 + 11*u**2 + u - 12. Let l be z(11). Let v(c) = -1 + 2 - 3*c**2 + 39*c**2. Is v(l) a prime number?
True
Let d(s) be the second derivative of 49*s**4/4 + 2*s**3/3 - 7*s**2 - 19*s. Is d(-5) prime?
False
Suppose k - 129520 = -15*k. Is k composite?
True
Let b(y) = -5*y - 2. Let q be b(-10). Let a be (32/q)/(1/(-6)). Is 307/4 - a/16 a prime number?
False
Let t = -166 - -462. Let u = t - 45. Is u composite?
False
Let k be (3*-4 - -4) + -1. Is 4/(-6) - 339/k a prime number?
True
Let p(l) = 288*l**2 + 2*l - 5. Let v = 35 + -33. Is p(v